{"id":28,"date":"2024-06-22T10:47:21","date_gmt":"2024-06-22T08:47:21","guid":{"rendered":"https:\/\/sam-bat.fr\/?page_id=28"},"modified":"2024-08-02T10:43:24","modified_gmt":"2024-08-02T08:43:24","slug":"services-delectricite-chez-sam-bat","status":"publish","type":"page","link":"https:\/\/sam-bat.fr\/?page_id=28","title":{"rendered":"\u00c9lectricit\u00e9"},"content":{"rendered":"\n<div class=\"wp-block-group alignfull has-accent-background-color has-background\" style=\"margin-top:0;margin-bottom:0;padding-top:var(--wp--preset--spacing--50);padding-right:var(--wp--preset--spacing--50);padding-bottom:var(--wp--preset--spacing--50);padding-left:var(--wp--preset--spacing--50)\"><div class=\"wp-block-group__inner-container is-layout-constrained wp-container-core-group-is-layout-2bafd31c wp-block-group-is-layout-constrained\">\n<div class=\"wp-block-columns alignwide is-layout-flex wp-container-core-columns-is-layout-4d397ad4 wp-block-columns-is-layout-flex\">\n<div class=\"wp-block-column is-vertically-aligned-stretch is-layout-flow wp-block-column-is-layout-flow\" style=\"flex-basis:50%\">\n<div class=\"wp-block-group is-vertical is-content-justification-stretch is-layout-flex wp-container-core-group-is-layout-d9786264 wp-block-group-is-layout-flex\" style=\"min-height:100%\">\n<h1 class=\"wp-block-heading\">Services d&rsquo;\u00c9lectricit\u00e9 chez Sam-Bat<\/h1>\n\n\n\n<p id=\"block-717ae99f-d0cb-4c18-aca0-6ba1fec158ee\">Bienvenue dans la section d\u00e9di\u00e9e \u00e0 nos services d&rsquo;\u00e9lectricit\u00e9 chez Sam-Bat ! Ici, nous mettons en avant notre expertise et notre engagement \u00e0 fournir des solutions \u00e9lectriques s\u00fbres et fiables pour votre maison ou votre entreprise.<\/p>\n\n\n\n<hr class=\"wp-block-separator has-alpha-channel-opacity\" id=\"block-033d5298-dfdd-4be6-b1b5-90d23246b8cd\"\/>\n\n\n\n<div class=\"wp-block-group is-content-justification-left\"><div class=\"wp-block-group__inner-container is-layout-constrained wp-container-core-group-is-layout-ebdfa9d7 wp-block-group-is-layout-constrained\">\n<p class=\"wp-container-content-0733e5d0\">\u00c9clairez vos journ\u00e9es<\/p>\n\n\n\n<div class=\"wp-block-buttons is-layout-flex wp-block-buttons-is-layout-flex\">\n<div class=\"wp-block-button\"><a class=\"wp-block-button__link wp-element-button\" href=\"https:\/\/sam-bat.fr\/?page_id=2\">A propos de nous<\/a><\/div>\n<\/div>\n<\/div><\/div>\n<\/div>\n<\/div>\n\n\n\n<div class=\"wp-block-column is-vertically-aligned-center is-layout-flow wp-block-column-is-layout-flow\" style=\"flex-basis:50%\">\n<figure class=\"wp-block-image size-full is-style-rounded\"><img  title=\"\" loading=\"lazy\" decoding=\"async\" width=\"768\" height=\"1024\" src=\"https:\/\/sam-bat.fr\/wp-content\/uploads\/2024\/07\/luminaire.jpg\"  alt=\"luminaire \u00c9lectricit\u00e9\"  class=\"wp-image-50\" style=\"aspect-ratio:3\/4;object-fit:cover\" srcset=\"https:\/\/sam-bat.fr\/wp-content\/uploads\/2024\/07\/luminaire.jpg 768w, https:\/\/sam-bat.fr\/wp-content\/uploads\/2024\/07\/luminaire-225x300.jpg 225w\" sizes=\"auto, (max-width: 768px) 100vw, 768px\" \/><\/figure>\n<\/div>\n<\/div>\n<\/div><\/div>\n\n\n\n<div class=\"wp-block-group alignfull has-base-background-color has-background\" style=\"margin-top:0;margin-bottom:0;padding-top:var(--wp--preset--spacing--50);padding-right:var(--wp--preset--spacing--50);padding-bottom:var(--wp--preset--spacing--50);padding-left:var(--wp--preset--spacing--50)\"><div class=\"wp-block-group__inner-container is-layout-constrained wp-container-core-group-is-layout-9cf8f26d wp-block-group-is-layout-constrained\">\n<div class=\"wp-block-columns alignwide is-layout-flex wp-container-core-columns-is-layout-1a7dd963 wp-block-columns-is-layout-flex\">\n<div class=\"wp-block-column is-content-justification-left is-layout-constrained wp-container-core-column-is-layout-e94ce9af wp-block-column-is-layout-constrained\" style=\"flex-basis:40%\">\n<p>Redonnez vie \u00e0 vos espaces<\/p>\n<\/div>\n\n\n\n<div class=\"wp-block-column is-layout-flow wp-block-column-is-layout-flow\" style=\"flex-basis:60%\">\n<h2 class=\"wp-block-heading\" id=\"block-d6759358-cd6a-4d8d-9e32-a4a3e22951c7\">Nos Services d&rsquo;\u00c9lectricit\u00e9<\/h2>\n\n\n\n<p id=\"block-89f7d5b0-a691-4b36-857c-2c6dbdd2e783\"><strong>Installation \u00c9lectrique :<\/strong> Que ce soit pour une nouvelle construction ou une r\u00e9novation, nous prenons en charge l&rsquo;installation compl\u00e8te de votre syst\u00e8me \u00e9lectrique. Cela inclut la mise en place des tableaux \u00e9lectriques, des prises, des interrupteurs, et des luminaires, en respectant les normes de s\u00e9curit\u00e9 en vigueur.<\/p>\n\n\n\n<p id=\"block-ab1a303a-e22a-482c-858b-b64a478b27c0\"><strong>R\u00e9paration et D\u00e9pannage :<\/strong> Une panne \u00e9lectrique peut survenir \u00e0 tout moment. Nous proposons un service de d\u00e9pannage rapide et efficace pour r\u00e9soudre vos probl\u00e8mes \u00e9lectriques, qu&rsquo;il s&rsquo;agisse de courts-circuits, de pannes de courant, ou de dysfonctionnements d&rsquo;appareils.<\/p>\n\n\n\n<p id=\"block-f40df0d6-468a-45ec-a39d-6f113030abf4\"><strong>Mise aux Normes :<\/strong> Les installations \u00e9lectriques doivent \u00eatre conformes aux r\u00e9glementations actuelles pour garantir votre s\u00e9curit\u00e9. Nous effectuons des mises aux normes de vos installations, en veillant \u00e0 ce que tout soit conforme aux standards NF C 15-100.<\/p>\n\n\n\n<p id=\"block-de18035d-ed5a-4695-b618-9d00b0e586d3\"><strong>R\u00e9novation \u00c9lectrique :<\/strong> Vous souhaitez moderniser votre installation \u00e9lectrique ? Nous prenons en charge la r\u00e9novation de vos syst\u00e8mes \u00e9lectriques, en rempla\u00e7ant les anciens \u00e9quipements par des solutions modernes et \u00e9conomes en \u00e9nergie.<\/p>\n\n\n\n<p id=\"block-1c0c3d2c-60a1-4280-970f-37e5b53c3445\"><strong>\u00c9clairage :<\/strong> Un bon \u00e9clairage est essentiel pour le confort et la s\u00e9curit\u00e9. Nous proposons des solutions d&rsquo;\u00e9clairage int\u00e9rieur et ext\u00e9rieur adapt\u00e9es \u00e0 vos besoins, incluant des syst\u00e8mes LED pour une meilleure efficacit\u00e9 \u00e9nerg\u00e9tique.<\/p>\n\n\n\n<p id=\"block-1490b9cd-0f90-4ac4-a9f5-98ce6d5134c9\"><strong>Domotique :<\/strong> Transformez votre maison en maison intelligente gr\u00e2ce \u00e0 nos solutions de domotique. Contr\u00f4lez l&rsquo;\u00e9clairage, le chauffage, la s\u00e9curit\u00e9 et bien plus encore \u00e0 distance via votre smartphone ou tablette.<\/p>\n<\/div>\n<\/div>\n<\/div><\/div>\n\n\n\n<div class=\"wp-block-group alignfull has-accent-5-background-color has-background\" style=\"margin-top:0;margin-bottom:0;padding-top:var(--wp--preset--spacing--50);padding-right:var(--wp--preset--spacing--50);padding-bottom:var(--wp--preset--spacing--50);padding-left:var(--wp--preset--spacing--50)\"><div class=\"wp-block-group__inner-container is-layout-constrained wp-container-core-group-is-layout-9cf8f26d wp-block-group-is-layout-constrained\">\n<div class=\"wp-block-columns alignwide is-layout-flex wp-container-core-columns-is-layout-4d397ad4 wp-block-columns-is-layout-flex\">\n<div class=\"wp-block-column is-vertically-aligned-center is-layout-flow wp-block-column-is-layout-flow\" style=\"flex-basis:60%\">\n<figure class=\"wp-block-image size-full is-style-rounded wp-duotone-varpresetduotoneduotone-1-1\"><img  title=\"\" loading=\"lazy\" decoding=\"async\" width=\"800\" height=\"710\" src=\"https:\/\/sam-bat.fr\/wp-content\/uploads\/2024\/07\/luminaire_2.png\"  alt=\"luminaire_2 \u00c9lectricit\u00e9\"  class=\"wp-image-52\" style=\"aspect-ratio:4\/3;object-fit:cover\" srcset=\"https:\/\/sam-bat.fr\/wp-content\/uploads\/2024\/07\/luminaire_2.png 800w, https:\/\/sam-bat.fr\/wp-content\/uploads\/2024\/07\/luminaire_2-300x266.png 300w, https:\/\/sam-bat.fr\/wp-content\/uploads\/2024\/07\/luminaire_2-768x682.png 768w\" sizes=\"auto, (max-width: 800px) 100vw, 800px\" \/><\/figure>\n<\/div>\n\n\n\n<div class=\"wp-block-column is-layout-flow wp-block-column-is-layout-flow\" style=\"flex-basis:40%\">\n<h2 class=\"wp-block-heading\">Pourquoi choisir Sam-Bat pour vos travaux d&rsquo;\u00e9lectricit\u00e9 ?<\/h2>\n\n\n\n<p id=\"block-919fd7f4-d28b-458c-8078-16e54e22d639\"><strong>Expertise et Savoir-Faire :<\/strong> Avec des ann\u00e9es d&rsquo;exp\u00e9rience dans le domaine, nous poss\u00e9dons les comp\u00e9tences n\u00e9cessaires pour r\u00e9aliser tous types de travaux \u00e9lectriques avec pr\u00e9cision et efficacit\u00e9.<\/p>\n\n\n\n<p id=\"block-42a6aec1-0cbd-4313-82e8-1033ccd1c900\"><strong>S\u00e9curit\u00e9 :<\/strong> Votre s\u00e9curit\u00e9 est notre priorit\u00e9. Nous suivons rigoureusement les normes de s\u00e9curit\u00e9 et utilisons des \u00e9quipements de haute qualit\u00e9 pour garantir des installations s\u00fbres et durables.<\/p>\n\n\n\n<p id=\"block-23fef597-6272-4117-ab36-92c39c3a8613\"><strong>Service Personnalis\u00e9 :<\/strong> Chaque projet est unique, et nous offrons des solutions sur mesure pour r\u00e9pondre \u00e0 vos besoins sp\u00e9cifiques. Nous travaillons en \u00e9troite collaboration avec vous pour comprendre vos exigences et vous fournir des r\u00e9sultats \u00e0 la hauteur de vos attentes.<\/p>\n\n\n\n<p id=\"block-b421090a-5411-4c27-899d-41e37035ef7c\"><strong>R\u00e9activit\u00e9 :<\/strong> Nous comprenons l&rsquo;importance d&rsquo;un service rapide et fiable. Notre \u00e9quipe est disponible pour intervenir rapidement en cas de besoin et r\u00e9soudre vos probl\u00e8mes dans les plus brefs d\u00e9lais.<\/p>\n<\/div>\n<\/div>\n<\/div><\/div>\n\n\n\n<div class=\"wp-block-group alignfull has-base-color has-contrast-background-color has-text-color has-background has-link-color wp-elements-8625bfcc4e08cf0b90dfbf6829b76b14\" style=\"margin-top:0;margin-bottom:0;padding-top:var(--wp--preset--spacing--50);padding-right:var(--wp--preset--spacing--50);padding-bottom:var(--wp--preset--spacing--50);padding-left:var(--wp--preset--spacing--50)\"><div class=\"wp-block-group__inner-container is-layout-constrained wp-container-core-group-is-layout-9cf8f26d wp-block-group-is-layout-constrained\">\n<h2 class=\"wp-block-heading alignwide has-base-color has-text-color has-link-color wp-elements-961120e30645e03a629938c532f241fe\" style=\"font-size:10rem;letter-spacing:-0.02em\">FAQ<\/h2>\n\n\n\n<div class=\"wp-block-group alignwide\"><div class=\"wp-block-group__inner-container is-layout-flow wp-block-group-is-layout-flow\">\n<hr class=\"wp-block-separator has-text-color has-base-color has-alpha-channel-opacity has-base-background-color has-background is-style-wide\"\/>\n\n\n\n<details class=\"wp-block-details is-style-arrow-icon-details has-medium-font-size is-layout-flow wp-block-details-is-layout-flow\" style=\"border-top-style:none;border-top-width:0px;border-right-style:none;border-right-width:0px;border-bottom-color:var(--wp--preset--color--base);border-bottom-style:solid;border-bottom-width:1px;border-left-style:none;border-left-width:0px;margin-top:0\"><summary><strong>Quels types de services \u00e9lectriques proposez-vous ?<\/strong><\/summary>\n<p class=\"has-contrast-1-color has-text-color has-link-color wp-elements-3b3700fc9f5ac31649d748029386980e\">Nous offrons une gamme compl\u00e8te de services \u00e9lectriques, incluant l&rsquo;installation de syst\u00e8mes \u00e9lectriques, la mise aux normes, la r\u00e9paration de pannes, et l&rsquo;installation de dispositifs de s\u00e9curit\u00e9.<\/p>\n<\/details>\n\n\n\n<details class=\"wp-block-details is-style-arrow-icon-details has-medium-font-size is-layout-flow wp-block-details-is-layout-flow\" style=\"border-top-style:none;border-top-width:0px;border-right-style:none;border-right-width:0px;border-bottom-color:var(--wp--preset--color--base);border-bottom-style:solid;border-bottom-width:1px;border-left-style:none;border-left-width:0px;margin-top:0\"><summary><strong>Pouvez-vous installer des syst\u00e8mes d&rsquo;\u00e9clairage int\u00e9rieur et ext\u00e9rieur ?<\/strong><\/summary>\n<p class=\"has-contrast-1-color has-text-color has-link-color wp-elements-27bd2ac11c3773b8606c039cfc905e87\">Oui, nous installons des luminaires pour les espaces int\u00e9rieurs et ext\u00e9rieurs, incluant les \u00e9clairages d&rsquo;ambiance et de s\u00e9curit\u00e9.<\/p>\n<\/details>\n\n\n\n<details class=\"wp-block-details is-style-arrow-icon-details has-medium-font-size is-layout-flow wp-block-details-is-layout-flow\" style=\"border-top-style:none;border-top-width:0px;border-right-style:none;border-right-width:0px;border-bottom-color:var(--wp--preset--color--base);border-bottom-style:solid;border-bottom-width:1px;border-left-style:none;border-left-width:0px;margin-top:0\"><summary><strong>Offrez-vous des services d&rsquo;urgence pour les pannes \u00e9lectriques ?<\/strong><\/summary>\n<p class=\"has-contrast-1-color has-text-color has-link-color wp-elements-f4a7451cbe119a9b8a332e75bf753f84\">Oui, nous offrons des services de d\u00e9pannage d&rsquo;urgence 24\/7 pour r\u00e9soudre rapidement les pannes \u00e9lectriques.<\/p>\n<\/details>\n\n\n\n<details class=\"wp-block-details is-style-arrow-icon-details has-medium-font-size is-layout-flow wp-block-details-is-layout-flow\" style=\"border-top-style:none;border-top-width:0px;border-right-style:none;border-right-width:0px;border-bottom-color:var(--wp--preset--color--base);border-bottom-style:solid;border-bottom-width:1px;border-left-style:none;border-left-width:0px;margin-top:0\"><summary><strong>Offrez-vous des conseils pour l&rsquo;optimisation \u00e9nerg\u00e9tique ?<\/strong><\/summary>\n<p class=\"has-contrast-1-color has-text-color has-link-color wp-elements-9488912b9919851a58cdc071c1a34f75\">Oui, nous pouvons vous conseiller sur des solutions pour am\u00e9liorer l&rsquo;efficacit\u00e9 \u00e9nerg\u00e9tique de votre installation \u00e9lectrique.<\/p>\n<\/details>\n\n\n\n<div style=\"margin-top:var(--wp--preset--spacing--10);margin-bottom:0;height:var(--wp--preset--spacing--10)\" aria-hidden=\"true\" class=\"wp-block-spacer\"><\/div>\n<\/div><\/div>\n<\/div><\/div>\n","protected":false},"excerpt":{"rendered":"<p>Services d&rsquo;\u00c9lectricit\u00e9 chez Sam-Bat Bienvenue dans la section d\u00e9di\u00e9e \u00e0 nos services d&rsquo;\u00e9lectricit\u00e9 chez Sam-Bat ! Ici, nous mettons en avant notre expertise et notre engagement \u00e0 fournir des solutions \u00e9lectriques s\u00fbres et fiables pour votre maison ou votre entreprise. \u00c9clairez vos journ\u00e9es Redonnez vie \u00e0 vos espaces Nos Services d&rsquo;\u00c9lectricit\u00e9 Installation \u00c9lectrique : Que [&hellip;]<\/p>\n","protected":false},"author":1,"featured_media":0,"parent":0,"menu_order":0,"comment_status":"closed","ping_status":"closed","template":"","meta":{"footnotes":""},"class_list":["post-28","page","type-page","status-publish","hentry"],"yoast_head":"<!-- This site is optimized with the Yoast SEO plugin v27.4 - https:\/\/yoast.com\/product\/yoast-seo-wordpress\/ -->\n<title>\u00c9lectricit\u00e9 - Entreprise G\u00e9n\u00e9rale du B\u00e2timent<\/title>\n<meta name=\"robots\" content=\"index, follow, max-snippet:-1, max-image-preview:large, max-video-preview:-1\" \/>\n<link rel=\"canonical\" href=\"https:\/\/sam-bat.fr\/?page_id=28\" \/>\n<meta property=\"og:locale\" content=\"fr_FR\" \/>\n<meta property=\"og:type\" content=\"article\" \/>\n<meta property=\"og:title\" content=\"\u00c9lectricit\u00e9 - Entreprise G\u00e9n\u00e9rale du B\u00e2timent\" \/>\n<meta property=\"og:description\" content=\"Services d&rsquo;\u00c9lectricit\u00e9 chez Sam-Bat Bienvenue dans la section d\u00e9di\u00e9e \u00e0 nos services d&rsquo;\u00e9lectricit\u00e9 chez Sam-Bat ! Ici, nous mettons en avant notre expertise et notre engagement \u00e0 fournir des solutions \u00e9lectriques s\u00fbres et fiables pour votre maison ou votre entreprise. \u00c9clairez vos journ\u00e9es Redonnez vie \u00e0 vos espaces Nos Services d&rsquo;\u00c9lectricit\u00e9 Installation \u00c9lectrique : Que [&hellip;]\" \/>\n<meta property=\"og:url\" content=\"https:\/\/sam-bat.fr\/?page_id=28\" \/>\n<meta property=\"og:site_name\" content=\"Entreprise G\u00e9n\u00e9rale du B\u00e2timent\" \/>\n<meta property=\"article:modified_time\" content=\"2024-08-02T08:43:24+00:00\" \/>\n<meta property=\"og:image\" content=\"https:\/\/sam-bat.fr\/wp-content\/uploads\/2024\/07\/luminaire.jpg\" \/>\n<meta name=\"twitter:card\" content=\"summary_large_image\" \/>\n<meta name=\"twitter:label1\" content=\"Dur\u00e9e de lecture estim\u00e9e\" \/>\n\t<meta name=\"twitter:data1\" content=\"3 minutes\" \/>\n<script type=\"application\/ld+json\" class=\"yoast-schema-graph\">{\"@context\":\"https:\\\/\\\/schema.org\",\"@graph\":[{\"@type\":\"WebPage\",\"@id\":\"https:\\\/\\\/sam-bat.fr\\\/?page_id=28\",\"url\":\"https:\\\/\\\/sam-bat.fr\\\/?page_id=28\",\"name\":\"\u00c9lectricit\u00e9 - Entreprise G\u00e9n\u00e9rale du B\u00e2timent\",\"isPartOf\":{\"@id\":\"https:\\\/\\\/sam-bat.fr\\\/#website\"},\"primaryImageOfPage\":{\"@id\":\"https:\\\/\\\/sam-bat.fr\\\/?page_id=28#primaryimage\"},\"image\":{\"@id\":\"https:\\\/\\\/sam-bat.fr\\\/?page_id=28#primaryimage\"},\"thumbnailUrl\":\"https:\\\/\\\/sam-bat.fr\\\/wp-content\\\/uploads\\\/2024\\\/07\\\/luminaire.jpg\",\"datePublished\":\"2024-06-22T08:47:21+00:00\",\"dateModified\":\"2024-08-02T08:43:24+00:00\",\"breadcrumb\":{\"@id\":\"https:\\\/\\\/sam-bat.fr\\\/?page_id=28#breadcrumb\"},\"inLanguage\":\"fr-FR\",\"potentialAction\":[{\"@type\":\"ReadAction\",\"target\":[\"https:\\\/\\\/sam-bat.fr\\\/?page_id=28\"]}]},{\"@type\":\"ImageObject\",\"inLanguage\":\"fr-FR\",\"@id\":\"https:\\\/\\\/sam-bat.fr\\\/?page_id=28#primaryimage\",\"url\":\"https:\\\/\\\/sam-bat.fr\\\/wp-content\\\/uploads\\\/2024\\\/07\\\/luminaire.jpg\",\"contentUrl\":\"https:\\\/\\\/sam-bat.fr\\\/wp-content\\\/uploads\\\/2024\\\/07\\\/luminaire.jpg\",\"width\":768,\"height\":1024,\"caption\":\"Eclairage au plafond\"},{\"@type\":\"BreadcrumbList\",\"@id\":\"https:\\\/\\\/sam-bat.fr\\\/?page_id=28#breadcrumb\",\"itemListElement\":[{\"@type\":\"ListItem\",\"position\":1,\"name\":\"Accueil\",\"item\":\"https:\\\/\\\/sam-bat.fr\\\/\"},{\"@type\":\"ListItem\",\"position\":2,\"name\":\"\u00c9lectricit\u00e9\"}]},{\"@type\":\"WebSite\",\"@id\":\"https:\\\/\\\/sam-bat.fr\\\/#website\",\"url\":\"https:\\\/\\\/sam-bat.fr\\\/\",\"name\":\"Entreprise G\u00e9n\u00e9rale du B\u00e2timent\",\"description\":\"\",\"publisher\":{\"@id\":\"https:\\\/\\\/sam-bat.fr\\\/#organization\"},\"potentialAction\":[{\"@type\":\"SearchAction\",\"target\":{\"@type\":\"EntryPoint\",\"urlTemplate\":\"https:\\\/\\\/sam-bat.fr\\\/?s={search_term_string}\"},\"query-input\":{\"@type\":\"PropertyValueSpecification\",\"valueRequired\":true,\"valueName\":\"search_term_string\"}}],\"inLanguage\":\"fr-FR\"},{\"@type\":\"Organization\",\"@id\":\"https:\\\/\\\/sam-bat.fr\\\/#organization\",\"name\":\"Entreprise G\u00e9n\u00e9rale du B\u00e2timent\",\"url\":\"https:\\\/\\\/sam-bat.fr\\\/\",\"logo\":{\"@type\":\"ImageObject\",\"inLanguage\":\"fr-FR\",\"@id\":\"https:\\\/\\\/sam-bat.fr\\\/#\\\/schema\\\/logo\\\/image\\\/\",\"url\":\"https:\\\/\\\/sam-bat.fr\\\/wp-content\\\/uploads\\\/2024\\\/06\\\/logo_sam_bat_500.png\",\"contentUrl\":\"https:\\\/\\\/sam-bat.fr\\\/wp-content\\\/uploads\\\/2024\\\/06\\\/logo_sam_bat_500.png\",\"width\":500,\"height\":159,\"caption\":\"Entreprise G\u00e9n\u00e9rale du B\u00e2timent\"},\"image\":{\"@id\":\"https:\\\/\\\/sam-bat.fr\\\/#\\\/schema\\\/logo\\\/image\\\/\"}}]}<\/script>\n<!-- \/ Yoast SEO plugin. -->","yoast_head_json":{"title":"\u00c9lectricit\u00e9 - Entreprise G\u00e9n\u00e9rale du B\u00e2timent","robots":{"index":"index","follow":"follow","max-snippet":"max-snippet:-1","max-image-preview":"max-image-preview:large","max-video-preview":"max-video-preview:-1"},"canonical":"https:\/\/sam-bat.fr\/?page_id=28","og_locale":"fr_FR","og_type":"article","og_title":"\u00c9lectricit\u00e9 - Entreprise G\u00e9n\u00e9rale du B\u00e2timent","og_description":"Services d&rsquo;\u00c9lectricit\u00e9 chez Sam-Bat Bienvenue dans la section d\u00e9di\u00e9e \u00e0 nos services d&rsquo;\u00e9lectricit\u00e9 chez Sam-Bat ! Ici, nous mettons en avant notre expertise et notre engagement \u00e0 fournir des solutions \u00e9lectriques s\u00fbres et fiables pour votre maison ou votre entreprise. \u00c9clairez vos journ\u00e9es Redonnez vie \u00e0 vos espaces Nos Services d&rsquo;\u00c9lectricit\u00e9 Installation \u00c9lectrique : Que [&hellip;]","og_url":"https:\/\/sam-bat.fr\/?page_id=28","og_site_name":"Entreprise G\u00e9n\u00e9rale du B\u00e2timent","article_modified_time":"2024-08-02T08:43:24+00:00","og_image":[{"url":"https:\/\/sam-bat.fr\/wp-content\/uploads\/2024\/07\/luminaire.jpg","type":"","width":"","height":""}],"twitter_card":"summary_large_image","twitter_misc":{"Dur\u00e9e de lecture estim\u00e9e":"3 minutes"},"schema":{"@context":"https:\/\/schema.org","@graph":[{"@type":"WebPage","@id":"https:\/\/sam-bat.fr\/?page_id=28","url":"https:\/\/sam-bat.fr\/?page_id=28","name":"\u00c9lectricit\u00e9 - Entreprise G\u00e9n\u00e9rale du B\u00e2timent","isPartOf":{"@id":"https:\/\/sam-bat.fr\/#website"},"primaryImageOfPage":{"@id":"https:\/\/sam-bat.fr\/?page_id=28#primaryimage"},"image":{"@id":"https:\/\/sam-bat.fr\/?page_id=28#primaryimage"},"thumbnailUrl":"https:\/\/sam-bat.fr\/wp-content\/uploads\/2024\/07\/luminaire.jpg","datePublished":"2024-06-22T08:47:21+00:00","dateModified":"2024-08-02T08:43:24+00:00","breadcrumb":{"@id":"https:\/\/sam-bat.fr\/?page_id=28#breadcrumb"},"inLanguage":"fr-FR","potentialAction":[{"@type":"ReadAction","target":["https:\/\/sam-bat.fr\/?page_id=28"]}]},{"@type":"ImageObject","inLanguage":"fr-FR","@id":"https:\/\/sam-bat.fr\/?page_id=28#primaryimage","url":"https:\/\/sam-bat.fr\/wp-content\/uploads\/2024\/07\/luminaire.jpg","contentUrl":"https:\/\/sam-bat.fr\/wp-content\/uploads\/2024\/07\/luminaire.jpg","width":768,"height":1024,"caption":"Eclairage au plafond"},{"@type":"BreadcrumbList","@id":"https:\/\/sam-bat.fr\/?page_id=28#breadcrumb","itemListElement":[{"@type":"ListItem","position":1,"name":"Accueil","item":"https:\/\/sam-bat.fr\/"},{"@type":"ListItem","position":2,"name":"\u00c9lectricit\u00e9"}]},{"@type":"WebSite","@id":"https:\/\/sam-bat.fr\/#website","url":"https:\/\/sam-bat.fr\/","name":"Entreprise G\u00e9n\u00e9rale du B\u00e2timent","description":"","publisher":{"@id":"https:\/\/sam-bat.fr\/#organization"},"potentialAction":[{"@type":"SearchAction","target":{"@type":"EntryPoint","urlTemplate":"https:\/\/sam-bat.fr\/?s={search_term_string}"},"query-input":{"@type":"PropertyValueSpecification","valueRequired":true,"valueName":"search_term_string"}}],"inLanguage":"fr-FR"},{"@type":"Organization","@id":"https:\/\/sam-bat.fr\/#organization","name":"Entreprise G\u00e9n\u00e9rale du B\u00e2timent","url":"https:\/\/sam-bat.fr\/","logo":{"@type":"ImageObject","inLanguage":"fr-FR","@id":"https:\/\/sam-bat.fr\/#\/schema\/logo\/image\/","url":"https:\/\/sam-bat.fr\/wp-content\/uploads\/2024\/06\/logo_sam_bat_500.png","contentUrl":"https:\/\/sam-bat.fr\/wp-content\/uploads\/2024\/06\/logo_sam_bat_500.png","width":500,"height":159,"caption":"Entreprise G\u00e9n\u00e9rale du B\u00e2timent"},"image":{"@id":"https:\/\/sam-bat.fr\/#\/schema\/logo\/image\/"}}]}},"_links":{"self":[{"href":"https:\/\/sam-bat.fr\/index.php?rest_route=\/wp\/v2\/pages\/28","targetHints":{"allow":["GET"]}}],"collection":[{"href":"https:\/\/sam-bat.fr\/index.php?rest_route=\/wp\/v2\/pages"}],"about":[{"href":"https:\/\/sam-bat.fr\/index.php?rest_route=\/wp\/v2\/types\/page"}],"author":[{"embeddable":true,"href":"https:\/\/sam-bat.fr\/index.php?rest_route=\/wp\/v2\/users\/1"}],"replies":[{"embeddable":true,"href":"https:\/\/sam-bat.fr\/index.php?rest_route=%2Fwp%2Fv2%2Fcomments&post=28"}],"version-history":[{"count":9,"href":"https:\/\/sam-bat.fr\/index.php?rest_route=\/wp\/v2\/pages\/28\/revisions"}],"predecessor-version":[{"id":253,"href":"https:\/\/sam-bat.fr\/index.php?rest_route=\/wp\/v2\/pages\/28\/revisions\/253"}],"wp:attachment":[{"href":"https:\/\/sam-bat.fr\/index.php?rest_route=%2Fwp%2Fv2%2Fmedia&parent=28"}],"curies":[{"name":"wp","href":"https:\/\/api.w.org\/{rel}","templated":true}]}}