{"id":316,"date":"2024-11-08T21:17:54","date_gmt":"2024-11-08T20:17:54","guid":{"rendered":"https:\/\/sam-bat.fr\/?page_id=316"},"modified":"2024-11-24T15:00:16","modified_gmt":"2024-11-24T14:00:16","slug":"eval","status":"publish","type":"page","link":"https:\/\/sam-bat.fr\/?page_id=316","title":{"rendered":"\u00c9valuations de Sam-Bat"},"content":{"rendered":"\n\n<div class=\"kk-star-ratings kksr-auto kksr-align-left kksr-valign-top\"\n    data-payload='{&quot;align&quot;:&quot;left&quot;,&quot;id&quot;:&quot;316&quot;,&quot;slug&quot;:&quot;default&quot;,&quot;valign&quot;:&quot;top&quot;,&quot;ignore&quot;:&quot;&quot;,&quot;reference&quot;:&quot;auto&quot;,&quot;class&quot;:&quot;&quot;,&quot;count&quot;:&quot;36&quot;,&quot;legendonly&quot;:&quot;&quot;,&quot;readonly&quot;:&quot;&quot;,&quot;score&quot;:&quot;4.8&quot;,&quot;starsonly&quot;:&quot;&quot;,&quot;best&quot;:&quot;5&quot;,&quot;gap&quot;:&quot;5&quot;,&quot;greet&quot;:&quot;Evaluer le travail r\u00e9alis\u00e9 par Sam-Bat&quot;,&quot;legend&quot;:&quot;4.8\\\/5&quot;,&quot;size&quot;:&quot;40&quot;,&quot;title&quot;:&quot;\u00c9valuations de Sam-Bat&quot;,&quot;width&quot;:&quot;213.5&quot;,&quot;_legend&quot;:&quot;{score}\\\/{best}&quot;,&quot;font_factor&quot;:&quot;1.25&quot;}'>\n            \n<div class=\"kksr-stars\">\n    \n<div class=\"kksr-stars-inactive\">\n            <div class=\"kksr-star\" data-star=\"1\" style=\"padding-right: 5px\">\n            \n\n<div class=\"kksr-icon\" style=\"width: 40px; height: 40px;\"><\/div>\n        <\/div>\n            <div class=\"kksr-star\" data-star=\"2\" style=\"padding-right: 5px\">\n            \n\n<div class=\"kksr-icon\" style=\"width: 40px; height: 40px;\"><\/div>\n        <\/div>\n            <div class=\"kksr-star\" data-star=\"3\" style=\"padding-right: 5px\">\n            \n\n<div class=\"kksr-icon\" style=\"width: 40px; height: 40px;\"><\/div>\n        <\/div>\n            <div class=\"kksr-star\" data-star=\"4\" style=\"padding-right: 5px\">\n            \n\n<div class=\"kksr-icon\" style=\"width: 40px; height: 40px;\"><\/div>\n        <\/div>\n            <div class=\"kksr-star\" data-star=\"5\" style=\"padding-right: 5px\">\n            \n\n<div class=\"kksr-icon\" style=\"width: 40px; height: 40px;\"><\/div>\n        <\/div>\n    <\/div>\n    \n<div class=\"kksr-stars-active\" style=\"width: 213.5px;\">\n            <div class=\"kksr-star\" style=\"padding-right: 5px\">\n            \n\n<div class=\"kksr-icon\" style=\"width: 40px; height: 40px;\"><\/div>\n        <\/div>\n            <div class=\"kksr-star\" style=\"padding-right: 5px\">\n            \n\n<div class=\"kksr-icon\" style=\"width: 40px; height: 40px;\"><\/div>\n        <\/div>\n            <div class=\"kksr-star\" style=\"padding-right: 5px\">\n            \n\n<div class=\"kksr-icon\" style=\"width: 40px; height: 40px;\"><\/div>\n        <\/div>\n            <div class=\"kksr-star\" style=\"padding-right: 5px\">\n            \n\n<div class=\"kksr-icon\" style=\"width: 40px; height: 40px;\"><\/div>\n        <\/div>\n            <div class=\"kksr-star\" style=\"padding-right: 5px\">\n            \n\n<div class=\"kksr-icon\" style=\"width: 40px; height: 40px;\"><\/div>\n        <\/div>\n    <\/div>\n<\/div>\n                \n\n<div class=\"kksr-legend\" style=\"font-size: 32px;\">\n            4.8\/5    <\/div>\n    <\/div>\n\n<hr class=\"wp-block-separator has-css-opacity is-style-default\"\/>\n\n\n\t<div id=\"respond\" class=\"comment-respond wp-block-post-comments-form\">\n\t\t<h3 id=\"reply-title\" class=\"comment-reply-title\">Laisser un commentaire<\/h3><form action=\"https:\/\/sam-bat.fr\/wp-comments-post.php\" method=\"post\" id=\"commentform\" class=\"comment-form\"><p class=\"comment-notes\"><span id=\"email-notes\">Votre adresse e-mail ne sera pas publi\u00e9e.<\/span> <span class=\"required-field-message\">Les champs obligatoires sont indiqu\u00e9s avec <span class=\"required\">*<\/span><\/span><\/p><p class=\"comment-form-comment\"><label for=\"comment\">Commentaire <span class=\"required\">*<\/span><\/label> <textarea id=\"comment\" name=\"comment\" cols=\"45\" rows=\"8\" maxlength=\"65525\" required><\/textarea><\/p><p class=\"comment-form-author\"><label for=\"author\">Nom <span class=\"required\">*<\/span><\/label> <input id=\"author\" name=\"author\" type=\"text\" value=\"\" size=\"30\" maxlength=\"245\" autocomplete=\"name\" required \/><\/p>\n<p class=\"comment-form-email\"><label for=\"email\">E-mail <span class=\"required\">*<\/span><\/label> <input id=\"email\" name=\"email\" type=\"email\" value=\"\" size=\"30\" maxlength=\"100\" aria-describedby=\"email-notes\" autocomplete=\"email\" required \/><\/p>\n<p class=\"comment-form-url\"><label for=\"url\">Site web<\/label> <input id=\"url\" name=\"url\" type=\"url\" value=\"\" size=\"30\" maxlength=\"200\" autocomplete=\"url\" \/><\/p>\n<p class=\"comment-form-cookies-consent\"><input id=\"wp-comment-cookies-consent\" name=\"wp-comment-cookies-consent\" type=\"checkbox\" value=\"yes\" \/> <label for=\"wp-comment-cookies-consent\">Enregistrer mon nom, mon e-mail et mon site dans le navigateur pour mon prochain commentaire.<\/label><\/p>\n<p class=\"form-submit\"><input name=\"submit\" type=\"submit\" id=\"submit\" class=\"submit\" value=\"Laisser un commentaire\" \/> <input type='hidden' name='comment_post_ID' value='316' id='comment_post_ID' \/>\n<input type='hidden' name='comment_parent' id='comment_parent' value='0' \/>\n<\/p><\/form>\t<\/div><!-- #respond -->\n\t","protected":false},"excerpt":{"rendered":"","protected":false},"author":1,"featured_media":0,"parent":0,"menu_order":0,"comment_status":"open","ping_status":"closed","template":"","meta":{"footnotes":""},"class_list":["post-316","page","type-page","status-publish","hentry"],"yoast_head":"<!-- This site is optimized with the Yoast SEO plugin v27.4 - https:\/\/yoast.com\/product\/yoast-seo-wordpress\/ -->\n<title>\u00c9valuations de Sam-Bat - Entreprise G\u00e9n\u00e9rale du B\u00e2timent<\/title>\n<meta name=\"robots\" content=\"index, follow, max-snippet:-1, max-image-preview:large, max-video-preview:-1\" \/>\n<link rel=\"canonical\" href=\"https:\/\/sam-bat.fr\/?page_id=316\" \/>\n<meta property=\"og:locale\" content=\"fr_FR\" \/>\n<meta property=\"og:type\" content=\"article\" \/>\n<meta property=\"og:title\" content=\"\u00c9valuations de Sam-Bat - Entreprise G\u00e9n\u00e9rale du B\u00e2timent\" \/>\n<meta property=\"og:url\" content=\"https:\/\/sam-bat.fr\/?page_id=316\" \/>\n<meta property=\"og:site_name\" content=\"Entreprise G\u00e9n\u00e9rale du B\u00e2timent\" \/>\n<meta property=\"article:modified_time\" content=\"2024-11-24T14:00:16+00:00\" \/>\n<meta name=\"twitter:card\" content=\"summary_large_image\" \/>\n<script type=\"application\/ld+json\" class=\"yoast-schema-graph\">{\"@context\":\"https:\\\/\\\/schema.org\",\"@graph\":[{\"@type\":\"WebPage\",\"@id\":\"https:\\\/\\\/sam-bat.fr\\\/?page_id=316\",\"url\":\"https:\\\/\\\/sam-bat.fr\\\/?page_id=316\",\"name\":\"\u00c9valuations de Sam-Bat - Entreprise G\u00e9n\u00e9rale du B\u00e2timent\",\"isPartOf\":{\"@id\":\"https:\\\/\\\/sam-bat.fr\\\/#website\"},\"datePublished\":\"2024-11-08T20:17:54+00:00\",\"dateModified\":\"2024-11-24T14:00:16+00:00\",\"breadcrumb\":{\"@id\":\"https:\\\/\\\/sam-bat.fr\\\/?page_id=316#breadcrumb\"},\"inLanguage\":\"fr-FR\",\"potentialAction\":[{\"@type\":\"ReadAction\",\"target\":[\"https:\\\/\\\/sam-bat.fr\\\/?page_id=316\"]}]},{\"@type\":\"BreadcrumbList\",\"@id\":\"https:\\\/\\\/sam-bat.fr\\\/?page_id=316#breadcrumb\",\"itemListElement\":[{\"@type\":\"ListItem\",\"position\":1,\"name\":\"Accueil\",\"item\":\"https:\\\/\\\/sam-bat.fr\\\/\"},{\"@type\":\"ListItem\",\"position\":2,\"name\":\"\u00c9valuations de Sam-Bat\"}]},{\"@type\":\"WebSite\",\"@id\":\"https:\\\/\\\/sam-bat.fr\\\/#website\",\"url\":\"https:\\\/\\\/sam-bat.fr\\\/\",\"name\":\"Entreprise G\u00e9n\u00e9rale du B\u00e2timent\",\"description\":\"\",\"publisher\":{\"@id\":\"https:\\\/\\\/sam-bat.fr\\\/#organization\"},\"potentialAction\":[{\"@type\":\"SearchAction\",\"target\":{\"@type\":\"EntryPoint\",\"urlTemplate\":\"https:\\\/\\\/sam-bat.fr\\\/?s={search_term_string}\"},\"query-input\":{\"@type\":\"PropertyValueSpecification\",\"valueRequired\":true,\"valueName\":\"search_term_string\"}}],\"inLanguage\":\"fr-FR\"},{\"@type\":\"Organization\",\"@id\":\"https:\\\/\\\/sam-bat.fr\\\/#organization\",\"name\":\"Entreprise G\u00e9n\u00e9rale du B\u00e2timent\",\"url\":\"https:\\\/\\\/sam-bat.fr\\\/\",\"logo\":{\"@type\":\"ImageObject\",\"inLanguage\":\"fr-FR\",\"@id\":\"https:\\\/\\\/sam-bat.fr\\\/#\\\/schema\\\/logo\\\/image\\\/\",\"url\":\"https:\\\/\\\/sam-bat.fr\\\/wp-content\\\/uploads\\\/2024\\\/06\\\/logo_sam_bat_500.png\",\"contentUrl\":\"https:\\\/\\\/sam-bat.fr\\\/wp-content\\\/uploads\\\/2024\\\/06\\\/logo_sam_bat_500.png\",\"width\":500,\"height\":159,\"caption\":\"Entreprise G\u00e9n\u00e9rale du B\u00e2timent\"},\"image\":{\"@id\":\"https:\\\/\\\/sam-bat.fr\\\/#\\\/schema\\\/logo\\\/image\\\/\"}}]}<\/script>\n<!-- \/ Yoast SEO plugin. -->","yoast_head_json":{"title":"\u00c9valuations de Sam-Bat - Entreprise G\u00e9n\u00e9rale du B\u00e2timent","robots":{"index":"index","follow":"follow","max-snippet":"max-snippet:-1","max-image-preview":"max-image-preview:large","max-video-preview":"max-video-preview:-1"},"canonical":"https:\/\/sam-bat.fr\/?page_id=316","og_locale":"fr_FR","og_type":"article","og_title":"\u00c9valuations de Sam-Bat - Entreprise G\u00e9n\u00e9rale du B\u00e2timent","og_url":"https:\/\/sam-bat.fr\/?page_id=316","og_site_name":"Entreprise G\u00e9n\u00e9rale du B\u00e2timent","article_modified_time":"2024-11-24T14:00:16+00:00","twitter_card":"summary_large_image","schema":{"@context":"https:\/\/schema.org","@graph":[{"@type":"WebPage","@id":"https:\/\/sam-bat.fr\/?page_id=316","url":"https:\/\/sam-bat.fr\/?page_id=316","name":"\u00c9valuations de Sam-Bat - Entreprise G\u00e9n\u00e9rale du B\u00e2timent","isPartOf":{"@id":"https:\/\/sam-bat.fr\/#website"},"datePublished":"2024-11-08T20:17:54+00:00","dateModified":"2024-11-24T14:00:16+00:00","breadcrumb":{"@id":"https:\/\/sam-bat.fr\/?page_id=316#breadcrumb"},"inLanguage":"fr-FR","potentialAction":[{"@type":"ReadAction","target":["https:\/\/sam-bat.fr\/?page_id=316"]}]},{"@type":"BreadcrumbList","@id":"https:\/\/sam-bat.fr\/?page_id=316#breadcrumb","itemListElement":[{"@type":"ListItem","position":1,"name":"Accueil","item":"https:\/\/sam-bat.fr\/"},{"@type":"ListItem","position":2,"name":"\u00c9valuations de Sam-Bat"}]},{"@type":"WebSite","@id":"https:\/\/sam-bat.fr\/#website","url":"https:\/\/sam-bat.fr\/","name":"Entreprise G\u00e9n\u00e9rale du B\u00e2timent","description":"","publisher":{"@id":"https:\/\/sam-bat.fr\/#organization"},"potentialAction":[{"@type":"SearchAction","target":{"@type":"EntryPoint","urlTemplate":"https:\/\/sam-bat.fr\/?s={search_term_string}"},"query-input":{"@type":"PropertyValueSpecification","valueRequired":true,"valueName":"search_term_string"}}],"inLanguage":"fr-FR"},{"@type":"Organization","@id":"https:\/\/sam-bat.fr\/#organization","name":"Entreprise G\u00e9n\u00e9rale du B\u00e2timent","url":"https:\/\/sam-bat.fr\/","logo":{"@type":"ImageObject","inLanguage":"fr-FR","@id":"https:\/\/sam-bat.fr\/#\/schema\/logo\/image\/","url":"https:\/\/sam-bat.fr\/wp-content\/uploads\/2024\/06\/logo_sam_bat_500.png","contentUrl":"https:\/\/sam-bat.fr\/wp-content\/uploads\/2024\/06\/logo_sam_bat_500.png","width":500,"height":159,"caption":"Entreprise G\u00e9n\u00e9rale du B\u00e2timent"},"image":{"@id":"https:\/\/sam-bat.fr\/#\/schema\/logo\/image\/"}}]}},"_links":{"self":[{"href":"https:\/\/sam-bat.fr\/index.php?rest_route=\/wp\/v2\/pages\/316","targetHints":{"allow":["GET"]}}],"collection":[{"href":"https:\/\/sam-bat.fr\/index.php?rest_route=\/wp\/v2\/pages"}],"about":[{"href":"https:\/\/sam-bat.fr\/index.php?rest_route=\/wp\/v2\/types\/page"}],"author":[{"embeddable":true,"href":"https:\/\/sam-bat.fr\/index.php?rest_route=\/wp\/v2\/users\/1"}],"replies":[{"embeddable":true,"href":"https:\/\/sam-bat.fr\/index.php?rest_route=%2Fwp%2Fv2%2Fcomments&post=316"}],"version-history":[{"count":15,"href":"https:\/\/sam-bat.fr\/index.php?rest_route=\/wp\/v2\/pages\/316\/revisions"}],"predecessor-version":[{"id":354,"href":"https:\/\/sam-bat.fr\/index.php?rest_route=\/wp\/v2\/pages\/316\/revisions\/354"}],"wp:attachment":[{"href":"https:\/\/sam-bat.fr\/index.php?rest_route=%2Fwp%2Fv2%2Fmedia&parent=316"}],"curies":[{"name":"wp","href":"https:\/\/api.w.org\/{rel}","templated":true}]}}